{"id":385,"date":"2013-05-31T17:50:08","date_gmt":"2013-05-31T17:50:08","guid":{"rendered":"http:\/\/itnews.ma\/SINTRAM\/?page_id=385"},"modified":"2013-06-30T13:34:35","modified_gmt":"2013-06-30T13:34:35","slug":"autoroutes","status":"publish","type":"page","link":"https:\/\/www.sintram.co.ma\/?page_id=385","title":{"rendered":"Routes et Autoroutes"},"content":{"rendered":"<div id=\"new-royalslider-4\" class=\"royalSlider new-royalslider-4 rsDefaultInv visibleNearbySimple\" style=\"width:100%; height:300px;\"><div class=\"rsContent\">\n  <img class=\"rsImg\" src=\"https:\/\/www.sintram.co.ma\/wp-content\/uploads\/2013\/06\/00971_DSC1114.jpg\" alt=\"00971_DSC1114\"\/>\n  \n  \n  \n<\/div><div class=\"rsContent\">\n  <img class=\"rsImg\" src=\"https:\/\/www.sintram.co.ma\/wp-content\/uploads\/2013\/06\/dsc0294.png\" alt=\"dsc0294\"\/>\n  \n  \n  \n<\/div><div class=\"rsContent\">\n  <img class=\"rsImg\" src=\"https:\/\/www.sintram.co.ma\/wp-content\/uploads\/2013\/06\/dsc0323.png\" alt=\"dsc0323\"\/>\n  \n  \n  \n<\/div><div class=\"rsContent\">\n  <img class=\"rsImg\" src=\"https:\/\/www.sintram.co.ma\/wp-content\/uploads\/2013\/06\/dsc03741.png\" alt=\"dsc0374\"\/>\n  \n  \n  \n<\/div><div class=\"rsContent\">\n  <img class=\"rsImg\" src=\"https:\/\/www.sintram.co.ma\/wp-content\/uploads\/2013\/06\/dsc04001.png\" alt=\"dsc0400\"\/>\n  \n  \n  \n<\/div><div class=\"rsContent\">\n  <img class=\"rsImg\" src=\"https:\/\/www.sintram.co.ma\/wp-content\/uploads\/2013\/06\/dsc04711.png\" alt=\"dsc0471\"\/>\n  \n  \n  \n<\/div><div class=\"rsContent\">\n  <img class=\"rsImg\" src=\"https:\/\/www.sintram.co.ma\/wp-content\/uploads\/2013\/06\/dsc0557-2.png\" alt=\"dsc0557-2\"\/>\n  \n  \n  \n<\/div><div class=\"rsContent\">\n  <img class=\"rsImg\" src=\"https:\/\/www.sintram.co.ma\/wp-content\/uploads\/2013\/06\/00382_DSC01731.jpg\" alt=\"00382_DSC0173\"\/>\n  \n  \n  \n<\/div><div class=\"rsContent\">\n  <img class=\"rsImg\" src=\"https:\/\/www.sintram.co.ma\/wp-content\/uploads\/2013\/06\/FLO_09101.jpg\" alt=\"FLO_0910\"\/>\n  \n  \n  \n<\/div><div class=\"rsContent\">\n  <img class=\"rsImg\" src=\"https:\/\/www.sintram.co.ma\/wp-content\/uploads\/2013\/06\/FLO_09361.jpg\" alt=\"FLO_0936\"\/>\n  \n  \n  \n<\/div><div class=\"rsContent\">\n  <img class=\"rsImg\" src=\"https:\/\/www.sintram.co.ma\/wp-content\/uploads\/2013\/06\/FLO_09431.jpg\" alt=\"FLO_0943\"\/>\n  \n  \n  \n<\/div><div class=\"rsContent\">\n  <img class=\"rsImg\" src=\"https:\/\/www.sintram.co.ma\/wp-content\/uploads\/2013\/06\/FLO_09441.jpg\" alt=\"FLO_0944\"\/>\n  \n  \n  \n<\/div><div class=\"rsContent\">\n  <img class=\"rsImg\" src=\"https:\/\/www.sintram.co.ma\/wp-content\/uploads\/2013\/06\/FLO_09481.jpg\" alt=\"FLO_0948\"\/>\n  \n  \n  \n<\/div><div class=\"rsContent\">\n  <img class=\"rsImg\" src=\"https:\/\/www.sintram.co.ma\/wp-content\/uploads\/2013\/06\/FLO_10261.jpg\" alt=\"FLO_1026\"\/>\n  \n  \n  \n<\/div><\/div>\n<blockquote><p>La construction et l\u2019entretien des routes, autoroutes et voiries urbaines repr\u00e9sentent notre activit\u00e9 principale. Une activit\u00e9 de g\u00e9nie civil que nous maitrisons parfaitement et sur laquelle nous avons acquis une expertise et un savoir faire de pointe avec \u00e0 l&rsquo;actif 996km de lin\u00e9aire de routes et autoroutes.<\/p><\/blockquote>\n<p>Nous sommes partenaires depuis 2003\u00a0des Autoroutes du Maroc qui nous a confi\u00e9 la r\u00e9alisation d&rsquo;un \u00a0lin\u00e9aire de plus de 236km dont 72 km sont en cours de r\u00e9alisation :<\/p>\n<table class=\" aligncenter\" width=\"390\" border=\"0\" cellspacing=\"0\" cellpadding=\"0\">\n<tbody>\n<tr>\n<td valign=\"top\" width=\"241\">\n<ul>\n<li><span>Settat \u2013 Oued Oum Rabiaa<\/span><\/li>\n<\/ul>\n<\/td>\n<td valign=\"top\" width=\"149\"><span style=\"color: #72b626;\">20 KM<\/span><\/td>\n<\/tr>\n<tr>\n<td valign=\"top\" width=\"241\">\n<ul>\n<li><span>Oued Oum Rabiaa \u2013 Skhour Rhamna<\/span><\/li>\n<\/ul>\n<\/td>\n<td valign=\"top\" width=\"149\"><span style=\"color: #72b626;\">22 KM<\/span><\/td>\n<\/tr>\n<tr>\n<td valign=\"top\" width=\"241\">\n<ul>\n<li><span>Skhour Rhamna &#8211; Benguerrir<\/span><\/li>\n<\/ul>\n<\/td>\n<td valign=\"top\" width=\"149\"><span style=\"color: #72b626;\">31 KM<\/span><\/td>\n<\/tr>\n<tr>\n<td valign=\"top\" width=\"241\">\n<ul>\n<li><span>Chichawa- Imintanout<\/span><\/li>\n<\/ul>\n<\/td>\n<td valign=\"top\" width=\"149\"><span style=\"color: #72b626;\">13 KM<\/span><\/td>\n<\/tr>\n<tr>\n<td valign=\"top\" width=\"241\">\n<ul>\n<li><span>Imintanout &#8211; Argana<\/span><\/li>\n<\/ul>\n<\/td>\n<td valign=\"top\" width=\"149\"><span style=\"color: #72b626;\">10 KM<\/span><\/td>\n<\/tr>\n<tr>\n<td valign=\"top\" width=\"241\">\n<ul>\n<li><span>Msoun &#8211; Taourirt<\/span><\/li>\n<\/ul>\n<\/td>\n<td valign=\"top\" width=\"149\"><span style=\"color: #72b626;\">36 KM<\/span><\/td>\n<\/tr>\n<tr>\n<td valign=\"top\" width=\"241\">\n<ul>\n<li><span>Taourirt \u2013 Laayoun<\/span><\/li>\n<\/ul>\n<\/td>\n<td valign=\"top\" width=\"149\"><span style=\"color: #72b626;\">32 KM<\/span><\/td>\n<\/tr>\n<tr>\n<td valign=\"top\" width=\"241\">\n<ul>\n<li><span>Ben Ahmed \u2013 Khouribga<\/span><\/li>\n<\/ul>\n<\/td>\n<td valign=\"top\" width=\"149\"><span style=\"color: #72b626;\">39 KM<\/span><\/td>\n<\/tr>\n<tr>\n<td valign=\"top\" width=\"241\">\n<ul>\n<li><span>Khouribga \u2013 Oued Zem<\/span><\/li>\n<\/ul>\n<\/td>\n<td valign=\"top\" width=\"149\"><span style=\"color: #72b626;\">33 KM<\/span><\/td>\n<\/tr>\n<\/tbody>\n<\/table>\n<p><span style=\"text-align: left;\">Concernant le r\u00e9seau routier, nous avons d\u00e9livr\u00e9 488km au Maroc, et nous sommes sur des projets d\u2019envergure en Afrique d\u2019un total de 272 Km soit un lin\u00e9aire total de 760 km. Ci dessous, un recueil des projets r\u00e9cents:<\/span><\/p>\n<table class=\" aligncenter\" width=\"390\" border=\"0\" cellspacing=\"0\" cellpadding=\"0\">\n<tbody>\n<tr>\n<td valign=\"top\" width=\"241\">\n<ul>\n<li><span>Ajdir- Ras Afraoui<\/span><\/li>\n<\/ul>\n<\/td>\n<td valign=\"top\" width=\"149\"><span style=\"color: #72b626;\">84 KM<\/span><\/td>\n<\/tr>\n<tr>\n<td valign=\"top\" width=\"241\">\n<ul>\n<li><span>Ouad laou- El jebha<\/span><\/li>\n<\/ul>\n<\/td>\n<td valign=\"top\" width=\"149\"><span style=\"color: #72b626;\">76 KM<\/span><\/td>\n<\/tr>\n<tr>\n<td valign=\"top\" width=\"241\">\n<ul>\n<li><span>Tetouan &#8211; Oued Laou<\/span><\/li>\n<\/ul>\n<\/td>\n<td valign=\"top\" width=\"149\"><span style=\"color: #72b626;\">46 KM<\/span><\/td>\n<\/tr>\n<tr>\n<td valign=\"top\" width=\"241\">\n<ul>\n<li><span>Linguere &#8211; Matam<\/span><\/li>\n<\/ul>\n<\/td>\n<td valign=\"top\" width=\"149\"><span style=\"color: #72b626;\">120 KM<\/span><\/td>\n<\/tr>\n<tr>\n<td valign=\"top\" width=\"241\">\n<ul>\n<li><span>Kaolack &#8211; Fatick<\/span><\/li>\n<\/ul>\n<\/td>\n<td valign=\"top\" width=\"149\"><span style=\"color: #72b626;\">86 KM<\/span><\/td>\n<\/tr>\n<tr>\n<td valign=\"top\" width=\"241\">\n<ul>\n<li><span>Route Tambakonda \u2013 M\u00e9dina Gounass<\/span><\/li>\n<\/ul>\n<\/td>\n<td valign=\"top\" width=\"149\"><span style=\"color: #72b626;\">66 KM<\/span><\/td>\n<\/tr>\n<\/tbody>\n<\/table>\n<p><span style=\"text-align: center;\">Ce volet nous est important dans le sens ou l\u2019impact est financier, \u00e9conomique mais aussi social en ce qu\u2019il sert \u00e0 d\u00e9senclaver des r\u00e9gions, \u00e0 y relancer l\u2019activit\u00e9 \u00e9conomique et partant am\u00e9liorer le niveau de vie des habitants sur ces r\u00e9gions. Et cela est en ligne avec notre responsabilit\u00e9 soci\u00e9tale et environnementale.<\/span><\/p>\n","protected":false},"excerpt":{"rendered":"<p>La construction et l\u2019entretien des routes, autoroutes et voiries urbaines repr\u00e9sentent notre activit\u00e9 principale. Une activit\u00e9 de g\u00e9nie civil que nous maitrisons parfaitement et sur laquelle nous avons acquis une expertise et un savoir faire de pointe avec \u00e0 l&rsquo;actif 996km de lin\u00e9aire de routes et autoroutes. Nous sommes partenaires depuis 2003\u00a0des Autoroutes du Maroc<\/p>\n","protected":false},"author":1,"featured_media":807,"parent":0,"menu_order":0,"comment_status":"open","ping_status":"open","template":"","meta":[],"_links":{"self":[{"href":"https:\/\/www.sintram.co.ma\/index.php?rest_route=\/wp\/v2\/pages\/385"}],"collection":[{"href":"https:\/\/www.sintram.co.ma\/index.php?rest_route=\/wp\/v2\/pages"}],"about":[{"href":"https:\/\/www.sintram.co.ma\/index.php?rest_route=\/wp\/v2\/types\/page"}],"author":[{"embeddable":true,"href":"https:\/\/www.sintram.co.ma\/index.php?rest_route=\/wp\/v2\/users\/1"}],"replies":[{"embeddable":true,"href":"https:\/\/www.sintram.co.ma\/index.php?rest_route=%2Fwp%2Fv2%2Fcomments&post=385"}],"version-history":[{"count":45,"href":"https:\/\/www.sintram.co.ma\/index.php?rest_route=\/wp\/v2\/pages\/385\/revisions"}],"predecessor-version":[{"id":1617,"href":"https:\/\/www.sintram.co.ma\/index.php?rest_route=\/wp\/v2\/pages\/385\/revisions\/1617"}],"wp:featuredmedia":[{"embeddable":true,"href":"https:\/\/www.sintram.co.ma\/index.php?rest_route=\/wp\/v2\/media\/807"}],"wp:attachment":[{"href":"https:\/\/www.sintram.co.ma\/index.php?rest_route=%2Fwp%2Fv2%2Fmedia&parent=385"}],"curies":[{"name":"wp","href":"https:\/\/api.w.org\/{rel}","templated":true}]}}