{"id":426,"date":"2013-05-31T18:43:42","date_gmt":"2013-05-31T18:43:42","guid":{"rendered":"http:\/\/itnews.ma\/SINTRAM\/?page_id=426"},"modified":"2013-06-10T18:36:19","modified_gmt":"2013-06-10T18:36:19","slug":"charte-societale","status":"publish","type":"page","link":"http:\/\/www.sintram.co.ma\/?page_id=426","title":{"rendered":"Notre Charte de Responsabilit\u00e9 Soci\u00e9tale"},"content":{"rendered":"<p>Dans notre secteur d\u2019activit\u00e9, les projets et chantiers sont de nature \u00e0 produire des impacts \u00e9conomiques, sociales et environnementales exponentiels par rapport \u00e0 l\u2019investissement initial sur l\u2019imm\u00e9diat et s\u2019\u00e9tendent sur le long terme. Il y est donc tout l\u2019int\u00e9r\u00eat de porter toute l\u2019attention \u00e0 la conception et \u00e0 la construction de tel sorte \u00e0 ce que ces ouvrages soient porteurs de valeur ajout\u00e9e en combinant n\u00e9cessairement le d\u00e9veloppement \u00e9conomique, le progr\u00e8s social et respect et pr\u00e9servation de l\u2019environnement.<\/p>\n<p>La responsabilit\u00e9 soci\u00e9tale et environnementale est d\u2019ailleurs notre valeur n\u00b01, nos autres valeurs d\u00e9coulent d\u2019ailleurs directement ou indirectement d\u2019un sens de responsabilit\u00e9 profond et av\u00e9r\u00e9 envers notre pays et\u00a0 nos pays confr\u00e8res en Afrique et au Maghreb Arabe et partout ailleurs,\u00a0 envers notre environnement, envers nos partenaires employ\u00e9s, client, fournisseurs et tiers. Nous nous sommes mis dans cette approche d\u00e9lib\u00e9r\u00e9ment et nous la poursuivons sur l\u2019ensemble de nos projets ainsi que toutes les op\u00e9rations que nous entreprenons et les d\u00e9cisions que nous engageons.<\/p>\n<p>En tant qu\u2019acteur actif d\u2019un d\u00e9veloppement durable et responsable, SINTRAM a d\u00e9fini\u00a0 huit enjeux strat\u00e9giques dans sa charte de Responsabilit\u00e9 Soci\u00e9tale d\u2019Entreprise \u00ab\u00a0RSE\u00a0\u00bb, enjeux impr\u00e9gn\u00e9s par la norme ISO 26000 et auxquelles adh\u00e8rent l\u2019ensemble de nos collaborateurs et organes de gouvernance.<\/p>\n<p><h5 class=\"acc-trigger\"><a href=\"#\">1- CONTRIBUER AU DEVELOPPEMENT LOCAL<\/a><\/h5><div class=\"acc-container\"><div class=\"content\"> En tant qu\u2019entreprise citoyenne et responsable, nous sommes fiers de contribuer autant soit peu dans le d\u00e9veloppement local des pays o\u00f9 nous op\u00e9rons par le biais de projets d\u2019infrastructures.<br \/>\nNous sommes fiers que notre activit\u00e9 \u00e0 un caract\u00e8re des plus nobles :<\/p>\n<ul class=\"check_list\">\n<li>D\u00e9senclaver les r\u00e9gions et booster l\u2019\u00e9conomie locale en participant dans la construction des routes, autoroutes et autres infrastructures de transport<\/li>\n<\/ul>\n<ul class=\"check_list\">\n<li>D\u00e9velopper des comp\u00e9tences locales et l\u2019employabilit\u00e9 des collaborateurs<\/li>\n<\/ul>\n<ul class=\"check_list\">\n<li>Promouvoir une culture de partage de connaissances et de savoir faire avec les populations locales et notamment dans le cadre des travaux en Afrique et aux pays du Maghreb Arabe.<\/li>\n<\/ul>\n<ul class=\"check_list\">\n<li>Assurer le plein emploi des ressources humaines, mat\u00e9rielles et financi\u00e8re de SINTRAM dans cet objectif.<\/li>\n<\/ul>\n<p><\/div><\/div> <h5 class=\"acc-trigger\"><a href=\"#\">2- ASSURER UNE GESTION OPTIMALE DES RESSOURCES HUMAINES<\/a><\/h5><div class=\"acc-container\"><div class=\"content\"> Notre secret de r\u00e9ussite repose dans l\u2019engagement, implication et travail dur jour par jour d\u2019une \u00e9quipe pluridisciplinaire de hauts potentiels hommes et femmes. Nous sommes convaincus que le d\u00e9veloppement de notre soci\u00e9t\u00e9 et sa p\u00e9rennit\u00e9 passe n\u00e9cessairement en leur assurant en retour Respect et D\u00e9veloppement. Nous nous engageons ainsi \u00e0 assurer une gestion optimale des ressources humaines :<\/p>\n<ul class=\"check_list\">\n<li>Investissement massif en formation, formation continue et perfectionnement professionnel<\/li>\n<\/ul>\n<ul class=\"check_list\">\n<li>Encourager la performance par la mise en place de plan de carri\u00e8re adapt\u00e9<\/li>\n<\/ul>\n<ul class=\"check_list\">\n<li>Assurer sur l\u2019ensemble des sites les conditions d\u2019hygi\u00e8ne de s\u00e9curit\u00e9 de travail<\/li>\n<\/ul>\n<ul class=\"check_list\">\n<li>Engager un dialogue social constructif au sein de l\u2019entreprise<\/li>\n<\/ul>\n<ul class=\"check_list\">\n<li>Respecter strictement les obligations l\u00e9gales vis \u00e0 vis des salari\u00e9s et vis \u00e0 vis des organismes de pr\u00e9voyance sociale en faveur de ceux ci<\/li>\n<\/ul>\n<p><\/div><\/div> <h5 class=\"acc-trigger\"><a href=\"#\">3- PROMOUVOIR LA CULTURE DE L\u2019EXCELLENCE<\/a><\/h5><div class=\"acc-container\"><div class=\"content\"> S\u2019ins\u00e9rer dans un syst\u00e8me de management de qualit\u00e9 pour Sintram a pour but ultime de satisfaire ses clients et partenaires en livrant des projets dans le respect des standards internationaux en la mati\u00e8re et des engagements contractuels. Ceci ne peut \u00eatre assur\u00e9 que par les actions suivantes :<\/p>\n<ul class=\"check_list\">\n<li>Int\u00e9grer le syst\u00e8me de qualit\u00e9 tout au long de la chaine de valeur.<\/li>\n<\/ul>\n<ul class=\"check_list\">\n<li>Encourager la performance et dissuader le laxisme.<\/li>\n<\/ul>\n<ul class=\"check_list\">\n<li>Produire des projets de qualit\u00e9 et servir d\u2019exemple.<\/li>\n<\/ul>\n<ul class=\"check_list\">\n<li>Promouvoir l\u2019excellence aupr\u00e8s des diff\u00e9rents partenaires : fournisseurs, clients et autres tiers.<\/li>\n<\/ul>\n<p><\/div><\/div> <h5 class=\"acc-trigger\"><a href=\"#\">4- \u0152UVRER DANS LE RESPECT DE L\u2019ENVIRONNEMENT<\/a><\/h5><div class=\"acc-container\"><div class=\"content\"> Le respect de l\u2019environnement est un facteur cl\u00e9 dans les projets sur lesquels nous nous engageons :<\/p>\n<ul class=\"check_list\">\n<li>Choisir les techniques et technologies respectant l\u2019environnement.<\/li>\n<\/ul>\n<ul class=\"check_list\">\n<li>Optimiser l\u2019usage de l\u2019eau, l\u2019\u00e9nergie et les mati\u00e8res premi\u00e8res et autres ressources naturelles.<\/li>\n<\/ul>\n<ul class=\"check_list\">\n<li>Favoriser le recyclage, la r\u00e9cup\u00e9ration et l&rsquo;utilisation des produits \u00e9cologiques<\/li>\n<\/ul>\n<ul class=\"check_list\">\n<li>Et g\u00e9n\u00e9ralement promouvoir des pratiques responsables pour limiter l\u2019impact sur la biodiversit\u00e9, l\u2019\u00e9quilibre des \u00e9cosyst\u00e8mes et le respect du vivant.<\/li>\n<\/ul>\n<ul class=\"check_list\">\n<li>Rechercher des partenariats pertinents en la mati\u00e8re.<\/li>\n<\/ul>\n<p><\/div><\/div> <h5 class=\"acc-trigger\"><a href=\"#\">5- INVESTIR POUR LE DEVELOPPEMENT SOCIAL<\/a><\/h5><div class=\"acc-container\"><div class=\"content\"> Les infrastructures ne sont pas connues pour leur retour sur investissement financier direct. Le retour sur investissement est r\u00e9alis\u00e9 indirectement par l\u2019impact \u00e9conomique et sociale sur les sites concern\u00e9s. Sintram s\u2019engage alors dans plusieurs actions dont celle relevant directement de son objet sociale et d\u2019autres d\u00e9coulant de sa responsabilit\u00e9 soci\u00e9tale :<\/p>\n<ul>\n<ul class=\"check_list\">\n<li>Renforcer la contribution au d\u00e9veloppement local des sites sur lesquelles Sintram conduit des chantiers.<\/li>\n<\/ul>\n<ul class=\"check_list\">\n<li>D\u00e9velopper les actions destin\u00e9es \u00e0 diff\u00e9rents acteurs de la soci\u00e9t\u00e9 civile (partenariats avec les \u00e9tablissements de formation, actions de recherches, sponsoring\u2026).<\/li>\n<\/ul>\n<ul class=\"check_list\">\n<li>Contribuer \u00e0 la promotion de la responsabilit\u00e9 soci\u00e9tale aupr\u00e8s de ses partenaires.<\/li>\n<\/ul>\n<ul class=\"check_list\">\n<li>Communiquer sur l&rsquo;engagement de SINTRAM en mati\u00e8re de d\u00e9veloppement durable et de responsabilit\u00e9 soci\u00e9tale aupr\u00e8s de ses partenaires.<\/li>\n<\/ul>\n<p><\/div><\/div> <h5 class=\"acc-trigger\"><a href=\"#\">6- ADOPTER LES BONNES PRATIQUES DE GOUVERNANCE D\u2019ENTREPRISE<\/a><\/h5><div class=\"acc-container\"><div class=\"content\"> La qualit\u00e9 de la gouvernance d\u2019entreprise est un garant pour les diff\u00e9rents partenaires de Sintram que se soit les investisseurs, les actionnaires, les clients et fournisseurs. Sintram, depuis son op\u00e9ration de fusion avec LRN, s\u2019est constitu\u00e9 en SA \u00e0 Conseil d\u2019administration et s\u2019est engag\u00e9 \u00e0 mettre en place les bonnes pratiques de gouvernance :<\/p>\n<ul>\n<li>\u2022 Transparence et fid\u00e9lit\u00e9 de la communication financi\u00e8re<\/li>\n<li>\u2022 Mise en place d\u2019un dispositif de contr\u00f4le interne et d\u2019un syst\u00e8me d\u2019audit et de gestion du risque permanent et parfaitement volontaire et dont le p\u00e9rim\u00e8tre couvert est \u00e9tendu.<\/li>\n<li>\u2022 Tenir compte de la performance financi\u00e8re mais aussi extra financi\u00e8re.<\/li>\n<\/ul>\n<p><\/div><\/div> <h5 class=\"acc-trigger\"><a href=\"#\">7- PROMOUVOIR L\u2019ETHIQUE SUR TOUTES LES ECHELLES<\/a><\/h5><div class=\"acc-container\"><div class=\"content\"> Notre activit\u00e9 est strictement r\u00e9glement\u00e9e, ses impacts comme \u00e9nonc\u00e9s plus haut ne sont pas des moindres, les chiffres du secteur ne peuvent \u00eatre pass\u00e9s sous silence surtout que le principal de ces projets sont pass\u00e9s sous forme de march\u00e9 publics ce qui fait appel \u00e0 plus de rigueur de la part de Sintram et de l\u2019ensemble des intervenants sur le secteur du BTP. Pour sa part SINTRAM s\u2019engage \u00e0 :<\/p>\n<ul>\n<li>\u2022 Veiller au strict respect de la l\u00e9gislation dans tous les domaines.<\/li>\n<li>\u2022 Maintenir l&rsquo;efficacit\u00e9 du dispositif de contr\u00f4le interne pour pr\u00e9venir toute pratique illicite (fraude, corruption, atteinte \u00e0 la saine concurrence).<\/li>\n<li>\u2022 Mener des actions de sensibilisation pour renforcer l&rsquo;ancrage des r\u00e8gles d&rsquo;\u00e9thique et de transparence sur toutes les \u00e9chelles de l\u2019entreprise.<\/li>\n<li>\u2022 Sensibiliser les salari\u00e9s aux mesures prises par l\u2019entreprise pour lutter contre la corruption et promouvoir le respect de ces dispositions par les salari\u00e9s sur toutes les \u00e9chelles d\u2019entreprise au moyen d\u2019une information ad\u00e9quate, de programmes de formation et de proc\u00e9dures disciplinaires<\/li>\n<\/ul>\n<p><\/div><\/div> <h5 class=\"acc-trigger\"><a href=\"#\">8- S\u2019INSERER DANS LE CERCLE VERTUEUX D\u2019AMELIORATION CONTINUE<\/a><\/h5><div class=\"acc-container\"><div class=\"content\"> Nous nous ins\u00e9rons dans une approche de questionnement et de remise en cause de l\u2019ensemble de nos processus op\u00e9rationnels et de supports en vue d\u2019en tirer les enseignements et engager les actions d\u2019am\u00e9lioration continue qui s\u2019imposent :<\/p>\n<ul class=\"check_list\">\n<li> Maintenir et am\u00e9liorer en continu son syst\u00e8me d&rsquo;\u00e9coute permanente des clients.<\/li>\n<\/ul>\n<ul class=\"check_list\">\n<li>Veiller en permanence au respect des engagements vis-\u00e0-vis de ses clients.<\/li>\n<\/ul>\n<ul class=\"check_list\">\n<li>Etre \u00e0 jour avec les techniques, technologies et bonnes pratiques en mati\u00e8re de travaux publics.<\/li>\n<\/ul>\n<p><\/div><\/div><\/li>\n<\/ul>\n<p>&nbsp;<\/p>\n<p>&nbsp;<\/p>\n","protected":false},"excerpt":{"rendered":"<p>Dans notre secteur d\u2019activit\u00e9, les projets et chantiers sont de nature \u00e0 produire des impacts \u00e9conomiques, sociales et environnementales exponentiels par rapport \u00e0 l\u2019investissement initial sur l\u2019imm\u00e9diat et s\u2019\u00e9tendent sur le long terme. Il y est donc tout l\u2019int\u00e9r\u00eat de porter toute l\u2019attention \u00e0 la conception et \u00e0 la construction de tel sorte \u00e0 ce<\/p>\n","protected":false},"author":1,"featured_media":0,"parent":0,"menu_order":0,"comment_status":"open","ping_status":"open","template":"template-full-revolution.php","meta":[],"_links":{"self":[{"href":"http:\/\/www.sintram.co.ma\/index.php?rest_route=\/wp\/v2\/pages\/426"}],"collection":[{"href":"http:\/\/www.sintram.co.ma\/index.php?rest_route=\/wp\/v2\/pages"}],"about":[{"href":"http:\/\/www.sintram.co.ma\/index.php?rest_route=\/wp\/v2\/types\/page"}],"author":[{"embeddable":true,"href":"http:\/\/www.sintram.co.ma\/index.php?rest_route=\/wp\/v2\/users\/1"}],"replies":[{"embeddable":true,"href":"http:\/\/www.sintram.co.ma\/index.php?rest_route=%2Fwp%2Fv2%2Fcomments&post=426"}],"version-history":[{"count":30,"href":"http:\/\/www.sintram.co.ma\/index.php?rest_route=\/wp\/v2\/pages\/426\/revisions"}],"predecessor-version":[{"id":791,"href":"http:\/\/www.sintram.co.ma\/index.php?rest_route=\/wp\/v2\/pages\/426\/revisions\/791"}],"wp:attachment":[{"href":"http:\/\/www.sintram.co.ma\/index.php?rest_route=%2Fwp%2Fv2%2Fmedia&parent=426"}],"curies":[{"name":"wp","href":"https:\/\/api.w.org\/{rel}","templated":true}]}}