{"id":374,"date":"2013-05-31T17:37:36","date_gmt":"2013-05-31T17:37:36","guid":{"rendered":"http:\/\/itnews.ma\/SINTRAM\/?page_id=374"},"modified":"2013-07-14T23:33:21","modified_gmt":"2013-07-14T23:33:21","slug":"nos-ressources-materielles","status":"publish","type":"page","link":"http:\/\/www.sintram.co.ma\/?page_id=374","title":{"rendered":"Nos Ressources Mat\u00e9rielles"},"content":{"rendered":"<div id=\"new-royalslider-18\" class=\"royalSlider new-royalslider-18 rsDefaultInv visibleNearbySimple\" style=\"width:100%; height:300px;\"><div class=\"rsContent\">\n  <img class=\"rsImg\" src=\"http:\/\/www.sintram.co.ma\/wp-content\/uploads\/2013\/07\/dsc0548.png\" alt=\"dsc0548\"\/>\n  \n  \n  \n<\/div><div class=\"rsContent\">\n  <img class=\"rsImg\" src=\"http:\/\/www.sintram.co.ma\/wp-content\/uploads\/2013\/07\/autorouteplanchedessai006.png\" alt=\"autorouteplanchedessai006\"\/>\n  \n  \n  \n<\/div><div class=\"rsContent\">\n  <img class=\"rsImg\" src=\"http:\/\/www.sintram.co.ma\/wp-content\/uploads\/2013\/07\/dsc00901.png\" alt=\"dsc0090\"\/>\n  \n  \n  \n<\/div><div class=\"rsContent\">\n  <img class=\"rsImg\" src=\"http:\/\/www.sintram.co.ma\/wp-content\/uploads\/2013\/07\/dsc0121.png\" alt=\"dsc0121\"\/>\n  \n  \n  \n<\/div><div class=\"rsContent\">\n  <img class=\"rsImg\" src=\"http:\/\/www.sintram.co.ma\/wp-content\/uploads\/2013\/07\/dsc01291.png\" alt=\"dsc0129\"\/>\n  \n  \n  \n<\/div><div class=\"rsContent\">\n  <img class=\"rsImg\" src=\"http:\/\/www.sintram.co.ma\/wp-content\/uploads\/2013\/07\/dsc01321.png\" alt=\"dsc0132\"\/>\n  \n  \n  \n<\/div><div class=\"rsContent\">\n  <img class=\"rsImg\" src=\"http:\/\/www.sintram.co.ma\/wp-content\/uploads\/2013\/07\/dsc0249.png\" alt=\"dsc0249\"\/>\n  \n  \n  \n<\/div><div class=\"rsContent\">\n  <img class=\"rsImg\" src=\"http:\/\/www.sintram.co.ma\/wp-content\/uploads\/2013\/07\/dsc0279.png\" alt=\"dsc0279\"\/>\n  \n  \n  \n<\/div><div class=\"rsContent\">\n  <img class=\"rsImg\" src=\"http:\/\/www.sintram.co.ma\/wp-content\/uploads\/2013\/07\/dsc0281.png\" alt=\"dsc0281\"\/>\n  \n  \n  \n<\/div><div class=\"rsContent\">\n  <img class=\"rsImg\" src=\"http:\/\/www.sintram.co.ma\/wp-content\/uploads\/2013\/07\/dsc0292.png\" alt=\"dsc0292\"\/>\n  \n  \n  \n<\/div><div class=\"rsContent\">\n  <img class=\"rsImg\" src=\"http:\/\/www.sintram.co.ma\/wp-content\/uploads\/2013\/07\/dsc0870.png\" alt=\"dsc0870\"\/>\n  \n  \n  \n<\/div><div class=\"rsContent\">\n  <img class=\"rsImg\" src=\"http:\/\/www.sintram.co.ma\/wp-content\/uploads\/2013\/07\/dsc0877.png\" alt=\"dsc0877\"\/>\n  \n  \n  \n<\/div><div class=\"rsContent\">\n  <img class=\"rsImg\" src=\"http:\/\/www.sintram.co.ma\/wp-content\/uploads\/2013\/07\/dsc03409.png\" alt=\"dsc03409\"\/>\n  \n  \n  \n<\/div><\/div>\n<blockquote><p>Les moyens techniques et mat\u00e9riels constituent un fondement capital dans la performance d\u2019une structure op\u00e9rant dans le march\u00e9 des travaux publics.<\/p>\n<p>SINTRAM con\u00e7oit et planifie continuellement des plans d\u2019investissements pour l\u2019acquisition d\u2019\u00e9quipements mat\u00e9riels performants\u00a0 pour accompagner son d\u00e9veloppement.<\/p><\/blockquote>\n<p>En effet, pour permettre l\u2019int\u00e9gration des ses diff\u00e9rents m\u00e9tiers,\u00a0 r\u00e9pondre aux exigences de ses march\u00e9s et assurer sa comp\u00e9titivit\u00e9, l\u2019entreprise se doit de se doter de mat\u00e9riels diversifi\u00e9s de derni\u00e8re g\u00e9n\u00e9ration aptes \u00e0 r\u00e9pondre efficacement, sur la base des standards internationaux de qualit\u00e9 et de rendement,\u00a0 aux probl\u00e9matiques de respect des d\u00e9lais,\u00a0 de la qualit\u00e9 requise et de l\u2019optimisation des co\u00fbts<\/p>\n<p>A cette fin, SINTRAM a consenti de gros investissements pour augmenter la capacit\u00e9 du parc existant et am\u00e9liorer la qualit\u00e9 de sa production. Elle a r\u00e9alis\u00e9 avec LRN un programme d\u2019investissements entre durant la p\u00e9riode 2000 \u00e0 2013 de plus de 120 million Euro, soit un parc de\u00a0987 unit\u00e9s (camions et engins).<\/p>\n<p>Ainsi, par cette politique volontariste, coupl\u00e9e avec celle du d\u00e9veloppement\u00a0 de ses ressources humaines,\u00a0 la soci\u00e9t\u00e9 a \u00e9t\u00e9 en mesure de r\u00e9pondre aux besoins sp\u00e9cifiques de ses diff\u00e9rents m\u00e9tiers, r\u00e9soudre les difficult\u00e9s rencontr\u00e9es lors de l\u2019ex\u00e9cution des grands projets, et satisfaire ses clients.<\/p>\n<p>Cependant, et conscience oblige, en r\u00e9alisant ces investissements, le souci de respecter l\u2019environnement a toujours \u00e9t\u00e9 pr\u00e9sent au fil des choix propos\u00e9s. Une strat\u00e9gie, certes, non sans r\u00e9percussion financi\u00e8re, mais s\u00fbrement payante pour la collectivit\u00e9 et port\u00e9e par notre sens d\u2019entreprise citoyenne et notre amour profond \u00e0 notre pr\u00e9cieuse Terre.<\/p>\n<p>C\u2019est gr\u00e2ce \u00e0 tous ces investissements, mis \u00e0 la disposition de la r\u00e9alisation des projets\u00a0 de nos clients, que nous garantissons la continuit\u00e9 de cette relation gagnant-gagnant qui nous lie sur des bases solides et dont la devise est\u00a0:\u00a0\u00e9difier, d\u00e9velopper et promouvoir en symbiose et harmonie avec l\u2019environnement.<\/p>\n","protected":false},"excerpt":{"rendered":"<p>Les moyens techniques et mat\u00e9riels constituent un fondement capital dans la performance d\u2019une structure op\u00e9rant dans le march\u00e9 des travaux publics. SINTRAM con\u00e7oit et planifie continuellement des plans d\u2019investissements pour l\u2019acquisition d\u2019\u00e9quipements mat\u00e9riels performants\u00a0 pour accompagner son d\u00e9veloppement. En effet, pour permettre l\u2019int\u00e9gration des ses diff\u00e9rents m\u00e9tiers,\u00a0 r\u00e9pondre aux exigences de ses march\u00e9s et assurer<\/p>\n","protected":false},"author":1,"featured_media":0,"parent":0,"menu_order":0,"comment_status":"open","ping_status":"open","template":"","meta":[],"_links":{"self":[{"href":"http:\/\/www.sintram.co.ma\/index.php?rest_route=\/wp\/v2\/pages\/374"}],"collection":[{"href":"http:\/\/www.sintram.co.ma\/index.php?rest_route=\/wp\/v2\/pages"}],"about":[{"href":"http:\/\/www.sintram.co.ma\/index.php?rest_route=\/wp\/v2\/types\/page"}],"author":[{"embeddable":true,"href":"http:\/\/www.sintram.co.ma\/index.php?rest_route=\/wp\/v2\/users\/1"}],"replies":[{"embeddable":true,"href":"http:\/\/www.sintram.co.ma\/index.php?rest_route=%2Fwp%2Fv2%2Fcomments&post=374"}],"version-history":[{"count":21,"href":"http:\/\/www.sintram.co.ma\/index.php?rest_route=\/wp\/v2\/pages\/374\/revisions"}],"predecessor-version":[{"id":2199,"href":"http:\/\/www.sintram.co.ma\/index.php?rest_route=\/wp\/v2\/pages\/374\/revisions\/2199"}],"wp:attachment":[{"href":"http:\/\/www.sintram.co.ma\/index.php?rest_route=%2Fwp%2Fv2%2Fmedia&parent=374"}],"curies":[{"name":"wp","href":"https:\/\/api.w.org\/{rel}","templated":true}]}}