{"id":2028,"date":"2013-07-13T23:55:09","date_gmt":"2013-07-13T23:55:09","guid":{"rendered":"http:\/\/www.sintram.co.ma\/?page_id=2028"},"modified":"2013-07-15T12:24:10","modified_gmt":"2013-07-15T12:24:10","slug":"echangeur-de-beniguerir","status":"publish","type":"page","link":"http:\/\/www.sintram.co.ma\/?page_id=2028","title":{"rendered":"Echangeur de Benguerir"},"content":{"rendered":"<div id=\"new-royalslider-17\" class=\"royalSlider new-royalslider-17 rsDefaultInv rs-gallery-vertical-fade\" style=\"width:100%; height:500;\"><div class=\"rsContent\">\n  <a class=\"rsImg\" href=\"http:\/\/www.sintram.co.ma\/wp-content\/uploads\/2013\/07\/dsc0745-2.png\">dsc0745-2<\/a>\n  <div class=\"rsTmb\"><img src=\"http:\/\/www.sintram.co.ma\/wp-content\/uploads\/2013\/07\/dsc0745-2-96x72.png\" alt=\"\" \/><\/div>\n  \n  \n<\/div><div class=\"rsContent\">\n  <a class=\"rsImg\" href=\"http:\/\/www.sintram.co.ma\/wp-content\/uploads\/2013\/07\/dsc0743.png\">dsc0743<\/a>\n  <div class=\"rsTmb\"><img src=\"http:\/\/www.sintram.co.ma\/wp-content\/uploads\/2013\/07\/dsc0743-96x72.png\" alt=\"\" \/><\/div>\n  \n  \n<\/div><div class=\"rsContent\">\n  <a class=\"rsImg\" href=\"http:\/\/www.sintram.co.ma\/wp-content\/uploads\/2013\/07\/dsc0742-2.png\">dsc0742-2<\/a>\n  <div class=\"rsTmb\"><img src=\"http:\/\/www.sintram.co.ma\/wp-content\/uploads\/2013\/07\/dsc0742-2-96x72.png\" alt=\"\" \/><\/div>\n  \n  \n<\/div><div class=\"rsContent\">\n  <a class=\"rsImg\" href=\"http:\/\/www.sintram.co.ma\/wp-content\/uploads\/2013\/07\/dsc0741-2.png\">dsc0741-2<\/a>\n  <div class=\"rsTmb\"><img src=\"http:\/\/www.sintram.co.ma\/wp-content\/uploads\/2013\/07\/dsc0741-2-96x72.png\" alt=\"\" \/><\/div>\n  \n  \n<\/div><div class=\"rsContent\">\n  <a class=\"rsImg\" href=\"http:\/\/www.sintram.co.ma\/wp-content\/uploads\/2013\/07\/dsc0740-2.png\">dsc0740-2<\/a>\n  <div class=\"rsTmb\"><img src=\"http:\/\/www.sintram.co.ma\/wp-content\/uploads\/2013\/07\/dsc0740-2-96x72.png\" alt=\"\" \/><\/div>\n  \n  \n<\/div><div class=\"rsContent\">\n  <a class=\"rsImg\" href=\"http:\/\/www.sintram.co.ma\/wp-content\/uploads\/2013\/07\/dsc0739-2.png\">dsc0739-2<\/a>\n  <div class=\"rsTmb\"><img src=\"http:\/\/www.sintram.co.ma\/wp-content\/uploads\/2013\/07\/dsc0739-2-96x72.png\" alt=\"\" \/><\/div>\n  \n  \n<\/div><div class=\"rsContent\">\n  <a class=\"rsImg\" href=\"http:\/\/www.sintram.co.ma\/wp-content\/uploads\/2013\/07\/dsc0738.png\">dsc0738<\/a>\n  <div class=\"rsTmb\"><img src=\"http:\/\/www.sintram.co.ma\/wp-content\/uploads\/2013\/07\/dsc0738-96x72.png\" alt=\"\" \/><\/div>\n  \n  \n<\/div><div class=\"rsContent\">\n  <a class=\"rsImg\" href=\"http:\/\/www.sintram.co.ma\/wp-content\/uploads\/2013\/07\/dsc0740-2.png\">dsc0740-2<\/a>\n  <div class=\"rsTmb\"><img src=\"http:\/\/www.sintram.co.ma\/wp-content\/uploads\/2013\/07\/dsc0740-2-96x72.png\" alt=\"\" \/><\/div>\n  \n  \n<\/div><div class=\"rsContent\">\n  <a class=\"rsImg\" href=\"http:\/\/www.sintram.co.ma\/wp-content\/uploads\/2013\/07\/dsc0739.png\">dsc0739<\/a>\n  <div class=\"rsTmb\"><img src=\"http:\/\/www.sintram.co.ma\/wp-content\/uploads\/2013\/07\/dsc0739-96x72.png\" alt=\"\" \/><\/div>\n  \n  \n<\/div><div class=\"rsContent\">\n  <a class=\"rsImg\" href=\"http:\/\/www.sintram.co.ma\/wp-content\/uploads\/2013\/07\/dsc07371.png\">dsc0737<\/a>\n  <div class=\"rsTmb\"><img src=\"http:\/\/www.sintram.co.ma\/wp-content\/uploads\/2013\/07\/dsc07371-96x72.png\" alt=\"\" \/><\/div>\n  \n  \n<\/div><\/div>\n<p style=\"text-align: left;\"><strong>Maitre d\u2019ouvrage :<\/strong> AUTOROUTES DU MAROC<\/p>\n<p style=\"text-align: left;\"><strong>Objet du march\u00e9:<\/strong><\/p>\n<p style=\"text-align: left;\"><div class=\"check_list\"><\/p>\n<ul style=\"text-align: left;\">\n<li>Travaux de l\u2019autoroute Settat &#8211; Marrakech<\/li>\n<li>Echangeur de Benguerir<\/li>\n<\/ul>\n<p style=\"text-align: left;\"><\/div><\/p>\n<p style=\"text-align: left;\"><strong>Montant du march\u00e9:<\/strong> 25 452 753,00 euro<\/p>\n<p style=\"text-align: left;\"><strong>D\u00e9lai d\u2019ex\u00e9cution:<\/strong> 20 mois (vingt mois)<\/p>\n<p style=\"text-align: left;\"><strong>LOT B :<\/strong> D\u00e9gagement des emprises \u2013 Terrassements- Assainissement<\/p>\n<p style=\"text-align: left;\"><div class=\"check_list\"><\/p>\n<ul style=\"text-align: left;\">\n<li>Terrassements : d\u00e9blais \u2013remblais : 193 900 m3<\/li>\n<li>Construction des ouvrages bus\u00e9s en b\u00e9ton arm\u00e9 : 480 ml<\/li>\n<li>R\u00e9alisation des foss\u00e9s de tous genres : 4 590 ml<\/li>\n<li>Travaux de drainage, descentes d\u2019eau.<\/li>\n<\/ul>\n<p style=\"text-align: left;\"><\/div><\/p>\n<p style=\"text-align: left;\"><strong>LOT C :<\/strong> Chauss\u00e9e<\/p>\n<p style=\"text-align: left;\"><div class=\"check_list\"><\/p>\n<ul style=\"text-align: left;\">\n<li>Couche de forme : 8 920 m3<\/li>\n<li>Couche de base en GNT 0\/20 : 8 700 m3<\/li>\n<li>Enrob\u00e9s BB : 10 500 t<\/li>\n<\/ul>\n<p style=\"text-align: left;\"><\/div><\/p>\n<p style=\"text-align: left;\"><strong>LOT D :<\/strong> Ouvrages d\u2019art :<\/p>\n<p style=\"text-align: left;\"><div class=\"check_list\"><\/p>\n<ul style=\"text-align: left;\">\n<li>B\u00e9tons : 1 340 m3<\/li>\n<li>Aciers HLE : 156 650 KG<\/li>\n<li>Barri\u00e8res de s\u00e9curit\u00e9 (DBA) : 420 ml<\/li>\n<\/ul>\n<p style=\"text-align: left;\"><\/div><\/p>\n<p>&nbsp;<\/p>\n<div class=\"columns sixteen   \"><div class=\"headline no-margin\"><h3>Autres projets autoroutiers r\u00e9alis\u00e9s sur l&rsquo;axe Settat &#8211; Agadir<\/h3><\/div><div class=\"client-list\"><\/p>\n<ul>\n<li><a title=\"Section Settat \u2013 Oum Rabia\" href=\"http:\/\/www.sintram.co.ma\/?page_id=2000\"><img loading=\"lazy\" title=\"Section Settat \u2013 Oum Rabia\" alt=\"\" src=\"\/wp-content\/uploads\/2013\/07\/dsc0564-187.png\" width=\"187\" height=\"95\" \/><\/a>Settat \u2013 Oum Rabia<\/li>\n<li><a title=\"King\" href=\"http:\/\/www.sintram.co.ma\/?page_id=2016\"><img loading=\"lazy\" title=\"Autoroute Oum Rabia \u2013 Skhour Rhamna\" alt=\"\" src=\"\/wp-content\/uploads\/2013\/07\/dsc0592-187.png\" width=\"187\" height=\"95\" \/><\/a>Oum Rabia \u2013 Skhour Rhamna<\/li>\n<li><a title=\"Hexagon\" href=\"http:\/\/www.sintram.co.ma\/?page_id=2024\"><img loading=\"lazy\" title=\"Autoroute Skhour Rhamna \u2013 Benguerir\" alt=\"\" src=\"\/wp-content\/uploads\/2013\/07\/dsc0734-187.png\" width=\"187\" height=\"95\" \/><\/a>Skhour Rhamna \u2013 Benguerir<\/li>\n<li><a title=\"Social Mates\" href=\"http:\/\/www.sintram.co.ma\/?page_id=2029\"><img loading=\"lazy\" title=\"Autoroute Chichaoua \u2013 Imintanout\" alt=\"\" src=\"\/wp-content\/uploads\/2013\/07\/dsc0794-187.png\" width=\"187\" height=\"95\" \/><\/a>Chichaoua \u2013 Imintanout<\/li>\n<li><a title=\"Social Mates\" href=\"http:\/\/www.sintram.co.ma\/?page_id=2032\"><img loading=\"lazy\" title=\"Autoroute Imintanout \u2013 Argana\" alt=\"\" src=\"\/wp-content\/uploads\/2013\/07\/dsc0373-187.png\" width=\"187\" height=\"95\" \/><\/a>Imintanout \u2013 Argana<\/li>\n<\/ul>\n<p><\/div><\/div>\n","protected":false},"excerpt":{"rendered":"<p>Maitre d\u2019ouvrage : AUTOROUTES DU MAROC Objet du march\u00e9: Montant du march\u00e9: 25 452 753,00 euro D\u00e9lai d\u2019ex\u00e9cution: 20 mois (vingt mois) LOT B : D\u00e9gagement des emprises \u2013 Terrassements- Assainissement LOT C : Chauss\u00e9e LOT D : Ouvrages d\u2019art : &nbsp;<\/p>\n","protected":false},"author":1,"featured_media":0,"parent":0,"menu_order":0,"comment_status":"open","ping_status":"open","template":"","meta":[],"_links":{"self":[{"href":"http:\/\/www.sintram.co.ma\/index.php?rest_route=\/wp\/v2\/pages\/2028"}],"collection":[{"href":"http:\/\/www.sintram.co.ma\/index.php?rest_route=\/wp\/v2\/pages"}],"about":[{"href":"http:\/\/www.sintram.co.ma\/index.php?rest_route=\/wp\/v2\/types\/page"}],"author":[{"embeddable":true,"href":"http:\/\/www.sintram.co.ma\/index.php?rest_route=\/wp\/v2\/users\/1"}],"replies":[{"embeddable":true,"href":"http:\/\/www.sintram.co.ma\/index.php?rest_route=%2Fwp%2Fv2%2Fcomments&post=2028"}],"version-history":[{"count":6,"href":"http:\/\/www.sintram.co.ma\/index.php?rest_route=\/wp\/v2\/pages\/2028\/revisions"}],"predecessor-version":[{"id":2214,"href":"http:\/\/www.sintram.co.ma\/index.php?rest_route=\/wp\/v2\/pages\/2028\/revisions\/2214"}],"wp:attachment":[{"href":"http:\/\/www.sintram.co.ma\/index.php?rest_route=%2Fwp%2Fv2%2Fmedia&parent=2028"}],"curies":[{"name":"wp","href":"https:\/\/api.w.org\/{rel}","templated":true}]}}